r?
False
Is 85757729 prime?
True
Is 23282501 prime?
False
Is 3730841 composite?
False
Is 753923077 a prime number?
True
Is 50439589 composite?
True
Is 444209449 composite?
False
Is 400423 a prime number?
False
Is 109858277 a composite number?
False
Is 21870137 composite?
True
Is 3467161 a prime number?
True
Is 235306297 a prime number?
True
Is 15447871 prime?
True
Is 7825403 prime?
True
Is 27552961 a composite number?
True
Is 1037989243 prime?
True
Is 135924869 composite?
True
Is 8647873 composite?
True
Is 37779689 a composite number?
False
Is 114097 prime?
False
Is 54194171 prime?
False
Is 446231677 a prime number?
False
Is 1207883 a prime number?
True
Is 8147753 a prime number?
False
Is 168565037 a prime number?
True
Is 7164154 a prime number?
False
Is 4898923 a composite number?
False
Is 53913014 prime?
False
Is 558179 a composite number?
False
Is 22254017 a prime number?
True
Is 1360673 a composite number?
False
Is 32970031 composite?
True
Is 11338861 a composite number?
False
Is 49556557 a composite number?
False
Is 1468403 prime?
True
Is 3377095 a prime number?
False
Is 38955459 a composite number?
True
Is 18850739 a prime number?
False
Is 808195 prime?
False
Is 10311803 a composite number?
False
Is 570955867 prime?
True
Is 429543073 a composite number?
False
Is 35714482 composite?
True
Is 23129557 composite?
True
Is 425767 prime?
False
Is 567031 a composite number?
False
Is 1489867 a prime number?
True
Is 147677 prime?
False
Is 61032929 composite?
True
Is 5257687 a composite number?
True
Is 234221371 a composite number?
True
Is 20909839 a prime number?
False
Is 5782283 prime?
False
Is 51269683 a composite number?
False
Is 28627681 a prime number?
True
Is 2825786 prime?
False
Is 489989 a composite number?
False
Is 18706813 prime?
True
Is 152699 a composite number?
True
Is 88998883 a composite number?
True
Is 5778107 a prime number?
False
Is 350261507 prime?
False
Is 29245519 prime?
True
Is 13184953 a prime number?
False
Is 55995047 prime?
False
Is 6265183 a composite number?
True
Is 2214473 composite?
False
Is 69593779 a prime number?
True
Is 8775199 composite?
False
Is 67788179 prime?
True
Is 29369303 a composite number?
False
Is 11753087 a prime number?
False
Is 5341153 a prime number?
True
Is 158267 composite?
True
Is 23445101 a prime number?
True
Is 51260101 prime?
True
Is 5417897 a composite number?
False
Is 44927341 a prime number?
True
Is 1358611 a prime number?
True
Is 262621 prime?
True
Is 6821917 composite?
True
Is 1500973 a composite number?
False
Is 57876085 composite?
True
Is 76181 a composite number?
True
Is 30285643 a composite number?
False
Is 566171 prime?
False
Is 39505358 a composite number?
True
Is 127536797 composite?
True
Is 3624947 a composite number?
True
Is 578489 a composite number?
False
Is 3118319 a composite number?
False
Is 11769697 composite?
True
Is 19217933 a prime number?
False
Is 8169077 prime?
False
Is 15407531 composite?
False
Is 540434143 a prime number?
False
Is 75613693 a prime number?
False
Is 42598301 composite?
True
Is 2005079 a prime number?
True
Is 2705820415 prime?
False
Is 9808393 prime?
False
Is 17296163 a prime number?
True
Is 544249 a prime number?
False
Is 433602107 composite?
True
Is 166664541 a composite number?
True
Is 1363511 composite?
False
Is 31970101 a composite number?
False
Is 8381047 a prime number?
True
Is 3479017 a prime number?
True
Is 44076829 prime?
True
Is 3223657 a composite number?
True
Is 4467917 prime?
False
Is 1102719 composite?
True
Is 190687291 a prime number?
True
Is 3870803 prime?
True
Is 144696511 composite?
False
Is 499298797 a composite number?
True
Is 151045831 a prime number?
True
Is 1355867 composite?
False
Is 1051051 prime?
True
Is 57511633 prime?
False
Is 87228977 composite?
True
Is 4143221 composite?
False
Is 6909251 a composite number?
True
Is 2241949 composite?
False
Is 10357691 a prime number?
False
Is 905161 a composite number?
False
Is 1030082 composite?
True
Is 32804567 prime?
False
Is 235621 composite?
False
Is 15741997 prime?
True
Is 61189781 a composite number?
False
Is 678851 a composite number?
True
Is 920357 composite?
False
Is 11091317 a prime number?
True
Is 18816073 a prime number?
True
Is 10483017 composite?
True
Is 11394715 composite?
True
Is 1001603 a composite number?
True
Is 10812743 prime?
False
Is 2582527 a prime number?
False
Is 21187303 a prime number?
True
Is 46815283 composite?
False
Is 1846093 prime?
True
Is 531211 prime?
False
Is 16839974 composite?
True
Is 7589671 prime?
True
Is 47755 prime?
False
Is 482038149 composite?
True
Is 123267869 a composite number?
False
Is 1450331 composite?
False
Is 1199873 composite?
True
Is 5056133 prime?
True
Is 2545887 a composite number?
True
Is 8520529 a prime number?
False
Is 438800287 a prime number?
False
Is 3704783 prime?
False
Is 1995943 composite?
True
Is 77173069 a composite number?
False
Is 11027669 a prime number?
False
Is 112129361 prime?
False
Is 794627239 prime?
False
Is 386463643 composite?
False
Is 86146387 composite?
True
Is 176719561 a composite number?
True
Is 197361111 a prime number?
False
Is 610441 prime?
False
Is 284341 a prime number?
True
Is 742286614 a composite number?
True
Is 83077309 a composite number?
True
Is 2587495 composite?
True
Is 4883491 prime?
False
Is 1008386719 prime?
False
Is 8878009 prime?
False
Is 277895 a composite number?
True
Is 80902879 a prime number?
True
Is 241940063 a composite number?
True
Is 276772361 prime?
False
Is 42798389 prime?
False
Is 4508351 a prime number?
False
Is 9269773 a composite number?
False
Is 16507441 a prime number?
False
Is 38177201 a prime number?
True
Is 2196221 a prime number?
True
Is 142559 prime?
True
Is 191255221 a prime number?
True
Is 13353611 prime?
True
Is 615379 a prime number?
True
Is 6107119 a prime number?
True
Is 8675813 prime?
True
Is 21354551 composite?
False
Is 271860333 composite?
True
Is 14210611 a composite number?
False
Is 1551191 composite?
False
Is 57833537 prime?
False
Is 174241909 prime?
True
Is 26865779 a composite number?
False
Is 288148187 composite?
False
Is 18684511 prime?
True
Is 194081519 a composite number?
True
Is 115259 a composite number?
False
Is 61003351 composite?
False
Is 54407893 composite?
True
Is 71587409 prime?
False
Is 2041199 a prime number?
True
Is 1703773 a composite number?
False
Is 20165027 a composite number?
False
Is 193010563 prime?
True
Is 11245573 a composite number?
False
Is 4657381 a composite number?
False
Is 863479 a prime number?
True
Is 762491 prime?
True
Is 8283359 prime?
False
Is 55029457 composite?
True
Is 87726773 composite?
False
Is 4089443 a composite number?
True
Is 1114296343 prime?
False
Is 196249286 a composite number?
True
Is 1766353 a composite number?
False
Is 61776047 prime?
True
Is 1665181 a composite number?
True
Is 926719 prime?
False
Is 541895703 prime?
False
Is 4651487 a composite number?
True
Is 32905079 composite?
True
Is 72758663 prime?
False
Is 1064377 prime?
True
Is 38523293 a composite number?
False
Is 84515467 prime?
True
Is 5128943 composite?
False
Is 126490451 composite?
False
Is 57669059 a prime number?
False
Is 451518827 composite?
True
Is 79245361 composite?
True
Is 1650387 a prime number?
False
Is 2826979 a composite number?
False
Is 91545463 a prime number?
True
Is 4054783 composite?
True
Is 3297653 prime?
False
Is 898837 a composite number?
True
Is 5565451 prime?
False
Is 34644107 composite?
True
Is 1086331 a prime number?
True
Is 806857 prime?
True
Is 9775637 composite?
False
Is 23392007 composite?
False
Is 68699699 a prime number?
False
Is 399937 a composite number?
False
Is 2321419 a prime number?
False
Is 906755665 composite?
True
Is 1591547 a composite number?
False
Is 22051735 composite?
True
Is 7144967 prime?
True
Is 11314307 a composite number?
False
Is 1302151 composite?
False
Is 568471 prime?
True
Is 18610771 composite?
False
Is 39243917 a composite number?
False
Is 15139921 prime?
True
Is 7742249 a composite number?
True
Is 22679971 a composite number?
False
Is 39405826 a prime number?
False
Is 2204593 a composite number?
True
Is 117678299 composite?
False
Is 1665563 prime?
True
Is 288907 prime?
True
Is 215518379 a prime number?
False
Is 351281087 prime?
True
Is 2148163 a prime number?
True
Is 186728351 a prime